Evaluate -5 + 2 - (3 + -1 - 4).
-1
Evaluate 3 - -1 - (-3 - -3).
4
What is (1 - 6) + (2 - (-16 - -17))?
-4
Calculate 0 - (3 + (1 - (-4 - -3))).
-5
What is the value of (12 - (12 + 1)) + 0 + -3?
-4
Evaluate -10 - (-5 + 2 + -2).
-5
What is 12 + (0 - -4 - 6) + 1?
11
Evaluate (-1 - 2 - (3 + 2)) + 5.
-3
Calculate 3 + (-4 - (-13 - -20)).
-8
1 + -1 - (1 - 0)
-1
Evaluate (2 - -4 - 22) + -3 + 8.
-11
What is the value of (-2 - -3 - -5) + -4?
2
What is 33 - 30 - (5 - -1)?
-3
What is (-6 - ((1 - -5) + -14)) + -4?
-2
9 - -1 - 13 - (-1 + 1)
-3
Calculate 3 + 1 - (-3 + 5) - -2.
4
What is -4 + (1 - (1 + -3)) + 0?
-1
Evaluate 2 + (-11 - -8) + (-6 - -1).
-6
Calculate (1 - 3) + (-3 - -3).
-2
-1 - -5 - -1 - (-6 + 6)
5
Calculate 2 + 4 - (-37 + 43).
0
What is the value of 9 + (12 - 5 - 13)?
3
-3 + -3 + 2 + 3
-1
Calculate 21 + -6 - 3 - 4.
8
What is 3 - (4 - (0 + 2) - 4)?
5
What is 1 - (0 - -5) - (-1 + 2)?
-5
Calculate -14 + 8 + -2 + 15.
7
(2 - 1 - 1 - 7) + 2
-5
Calculate 5 + (3 - 7 - -4).
5
What is 1 - (8 + 3 + -8)?
-2
What is -2 + -8 + 4 + 12?
6
What is -1 + (-4 - 0 - -2)?
-3
What is (12 - 1 - -2) + -5 + -6?
2
What is the value of -2 + 5 + (-1 - (-4 + 2))?
4
Evaluate -4 + 1 + 3 + -1.
-1
Calculate (52 - 39) + (-1 - 8).
4
Evaluate 1 - (-1 + -8 + 5).
5
What is the value of 1 + (-1 - (-4 + 8))?
-4
Calculate 4 - (4 + -3 + 4).
-1
Evaluate -10 + (5 + -7 - -19).
7
-3 + (1 - -3 - 7) - -3
-3
What is (-2 - 4) + 4 + -2?
-4
3 + (-1 - 5 - -5)
2
What is (-4 - -3) + (6 - 3) + -2?
0
-9 - (0 - (-5 - -20))
6
Evaluate (-2 - -2 - 4 - -7) + -5.
-2
Evaluate -4 + 7 + (-3 - -1) + 3.
4
Calculate -4 + -1 + (-3 - -3).
-5
What is the value of -4 - (3 - 9 - 1)?
3
-2 - (4 + -6 + 4)
-4
Calculate (1 - 2) + 5 + -1.
3
Evaluate 7 + -7 - (-1 + 5).
-4
What is the value of 2 - (-6 - (0 + -4))?
4
What is the value of 5 - (7 - (-3 - (-5 - 2)))?
2
What is 102 + -100 + (0 - 1)?
1
What is -4 - ((-12 - 2) + 2)?
8
What is (-1 - -6) + 6 + (3 - 11)?
3
Evaluate -10 + 9 + 6 + -8.
-3
What is -3 + 3 - (5 - 3) - -8?
6
Calculate (-8 - -4) + 2 + -3.
-5
Calculate 6 + (-3 + 2 - 5).
0
Evaluate 3 + (1 - -3) + -5.
2
What is the value of (4 - 9) + 0 + 2 + 4?
1
Calculate (9 + -6 - 7) + 11 + 1.
8
What is (1 - 2) + -1 + 2?
0
Evaluate 2 + (-2 - (4 - 0)) + 4.
0
Evaluate 4 + -4 + (0 - -1).
1
Evaluate -5 + 8 + 1 + 0.
4
What is -22 + 10 + 10 + 9?
7
Calculate -6 + (3 - (-6 + 1)).
2
What is the value of 4 - (5 + (0 - 4))?
3
Evaluate 1 + -1 + 3 - (-70 + 66).
7
What is the value of -55 - -66 - (4 + 2)?
5
Evaluate 2 - (4 - (10 + -3) - -14).
-9
What is -3 + 15 + (2 - 9)?
5
Calculate 1 - (0 - (-2 + (7 - 4))).
2
What is (-19 - -2) + (7 - (14 + -14))?
-10
What is 2 + 3 + -5 + 9 + -3?
6
What is (3 - (5 - 2)) + -4 + 5?
1
What is 0 - (-2 - -7) - 2?
-7
Evaluate 2 + -11 - (-1 - (8 + -4)).
-4
What is 4 + 1 - 11 - -6 - 2?
-2
What is the value of 10 + -16 + -5 + 3 + 8?
0
What is (-9 - 3) + 6 - -2?
-4
Calculate 4 + -3 + (-2 - -2).
1
What is the value of -3 + 4 + -3 + 1?
-1
4 + (-1 - (-6 + 3)) + -1
5
3 - (3 - 4) - 2
2
Calculate (19 - -4) + -13 - 18.
-8
What is 22 + -20 + -6 - (-7 - 0)?
3
What is the value of 11 - (3 - -23) - -11?
-4
Calculate -1 + (-3 - (4 - 4)).
-4
Calculate 4 - (-3 + 5 - -8).
-6
3 - (1 + -2) - (-6 + 6)
4
What is -6 + 4 + -4 - -4?
-2
What is the value of -1 - 1 - (5 - 4)?
-3
1 - 5 - -4 - -3 - 0
3
What is (-7 - -2) + 5 + -4?
-4
Calculate (-5 - 0) + 11 + -9.
-3
Calculate 1 + 0 - (2 + -2 + 3).
-2
-9 + -2 + 10 + -6
-7
Calculate -62 + 57 + 9 + -2.
2
13 + -6 - -1 - 7
1
Calculate 0 + -3 - ((16 - 7) + -9).
-3
Evaluate 1 + 6 + -11 + 10.
6
What is -1 + -7 + -15 + 21?
-2
Evaluate -1 + 4 + -2 - (0 - 2).
3
-2 + 3 + 4 - (-2 - -11)
-4
What is the value of -8 + -3 - (-4 + -1)?
-6
Calculate -3 + 0 + 26 + -20 + -9.
-6
Evaluate -3 - -1 - 3 - 0.
-5
Calculate (4 - (5 + -3)) + -7.
-5
Calculate 2 + -1 + (2 - 1 - -3).
5
Evaluate -3 + 6 - 0 - 5 - -1.
-1
What is 1 - -4 - (47 + -38)?
-4
Calculate 0 + 3 + 0 - (32 + -24).
-5
What is -11 + -1 - (-22 + 14 + 4)?
-8
Evaluate (-1 - 3) + 0 + -4 + 5.
-3
Evaluate 1 - -2 - (1 + (-4 - -1)).
5
What is -1 + 1 + -3 - (14 - 15)?
-2
What is -1 + 2 - (0 + 4) - -1?
-2
10 + -8 - (4 - (7 - -1))
6
What is the value of 75 - 84 - (1 - 6)?
-4
1 - 1 - (13 - 9)
-4
What is (-20 - -16) + -4 + 3?
-5
What is the value of (-1 + 18 - (-7 - -14)) + -4?
6
Evaluate -1 - (0 - 4 - -3).
0
-2 + -3 - (-5 - 1)
1
(15 - 11) + -2 + 0 - 6
-4
Evaluate (3 - (-1 + 1)) + -3 + 4.
4
Evaluate (0 - -3) + -4 + -6 + 7.
0
What is 3 + -2 - (-4 - -4) - 6?
-5
What is the value of 12 - 14 - (0 - -2 - 2)?
-2
What is the value of -7 + 6 - (-1 + -1 + -1)?
2
What is -3 - (-9 - (-6 + 0))?
0
What is 0 - ((-5 - -10) + -4)?
-1
What is 1 + -5 + (58 - 48) + -13?
-7
What is -6 + (0 - (4 + -3)) + 3?
-4
Calculate 3 - 2 - ((-2 - 2) + 7).
-2
Evaluate 1 + (-2 - 0) + -4 + 3.
-2
What is -1 + -4 - (2 - 1) - -8?
2
Evaluate 7 + 0 - (7 + 2 + -7).
5
What is -1 + (2 - (-3 - -3)) + -2?
-1
1 + -5 + 15 - (3 - -2)
6
(-2 - (-1 + -4)) + (-2 - 0)
1
Evaluate 5 - (-2 + 2 + -20 + 20).
5
Evaluate 2 + 2 - (0 - -2 - 6).
8
What is -16 + 14 + 10 + 0 + -3?
5
What is the value of -2 + 8 + -7 - (-9 - -2)?
6
What is 0 - ((1 - 5) + -1)?
5
Calculate 0 + -1 - (1 - -14 - 15).
-1
-2 - (4 - 3 - (6 + -2))
1
What is the value of 0 + (-1 - (1 - 1) - -6)?
5
1 - (0 + (-1 - (-3 - 4)))
-5
What is the value of 2 + (-3 - -2) + 4?
5
What is the value of 4 - (30 - 35 - (-15 - -1))?
-5
Evaluate -2 + 13 - ((-2 - -1) + 5).
7
Evaluate -2 + (4 - 10) + 2 + 4.
-2
What is the value of -3 - -6 - (0 - -1)?
2
What is (7 - 5) + 4 + -6?
0
What is 3 + 2 + -2 + -6?
-3
Calculate -11 - (0 - (-6 - -6)).
-11
What is -1 + (-3 - (6 + -4) - -2)?
-4
-4 + (-2 + 5 - -2) + -2
-1
What is 2 - (2 + 0) - (1 + 1)?
-2
What is 7 + 1 + -9 + -4?
-5
Calculate 1 + -2 + (-12 - -14).
1
Calculate -1 - -1 - ((-3 - 1) + 1).
3
Calculate -3 + 12 + -6 + -2.
1
Evaluate -4 + (0 - (2 - 4)).
-2
What is the value of (-2 - -4) + (0 - (0 - 1))?
3
What is -11 + 4 - (-1 + -1 + -2)?
-3
Calculate -4 + (0 - -8) - 7.
-3
What is the value of -90 + 91 - (-6 + 1)?
6
Evaluate -5 + (5 - -4) - 8.
-4
What is the value of -7 - (3 - (7 + -5)) - -3?
-5
What is the value of (1 + -3 - -3) + -6 - 1?
-6
Evaluate -3 + (-7 + 18 - 3).
5
-4 - (-2 + -4 + 4 + -3)
1
What is the value of 7 - (23 + (11 - 20))?
-7
Calculate -5 - (2 - 4) - (2 - 8).
3
Calculate -12 + 17 - (-3 + -1).
9
Calculate 8 - 11 - (1 + (-2 - -2)).
-4
Calculate (-8 - -8) + (2 - 2) + 0.
0
What is -12 - -10 - -8 - 11?
-5
What is -7 + (2 - -13) + -2?
6
9 - (1 + 12 - 6)
2
What is the value of (5 - (3 - (-5 - 0))) + 5?
2
Calculate 2 - ((-2 - -7) + -7).
4
What is 6 + -5 + -3 + -5 + 13?
6
What is the value of 3 + 1 - (-3 + 7)?
0
Evaluate 4 - (-3 + 1 + 9 + -4).
1
Calculate -10 + 11 + 6 + 0.
7
What is the value of -7 + 20 + -18 + 7?
2
What is the value of -4 - (6 + -7) - (-1 + -6)?
4
-1 - (-3 + (4 - -1))
-3
Calculate -5 + 1 + -2 - (-2 - 2).
-2
Calculate 11 + 7 + -18 - (8 + -2).
-6
4 + -5 + 1 + -1
-1
What is the value of 4 - (-1 - (3 + -11)) - -1?
-2
Evaluate -2 + -1 + 7 - (8 - -1).
-5
What is the value of -4 - (-16 + 13 - (1 + 2))?
2
Calculate 11 - 12 - (3 + 1) - -10.
5
Calculate (-1 - 0) + -2 + 2 + 0.
-1
-3 + (0 - 1) + 8 + -6
-2
What is 9 + -8 + -3 + 2?
0
0 + 10 + -10 + 3 + 0
3
Evaluate -6 + (-3 - -2) + 6 - 3.
-4
What is 5 - 0 - (2 + 4 - 5)?
4
Calculate (4 - -1) + 3 - (2 - -2).
4
Calculate (1 + -2 - 1) + -40 + 36.
-6
Evaluate -4 + -3 + 0 + (10 - 6).
-3
What is (4 - 1) + (-8 - (1 - 8))?
2
(0 - (-7 + 13)) + 5
-1
What is 4 + (5 + -7 - 3)?
-1
What is the value of (-4 - -7) + -4 + (-2 - -1)?
-2
Calculate 1 - 2 - ((-6 - -24) + -17).
-2
3 + -11 + (11 - -6 - 3)
6
15 - (8 + -3 - -3)
7
What is the value of -4 - (-12 + 15 - (3 + 0))?
-4
Evaluate 6 - ((5 - 1) + (-14 - -13)).
3
Calculate -1 - 0 - -2 - (29 + -27).
-1
Evaluate -1 - 0 - 0 - (6 - 3).
-4
1 - (0 - -1 - 1) - 7
-6
Evaluate -1 - (-3 - (4 - 5)) - 6.
-5
Calculate 4 + -1 - (1 + (-2 - 0)).
4
-13 + 26 + -2 + -7
4
0 + 2 + 6 + -5
3
What is the value of (28 - 24) + -2 + -1?
1
What is -4 + 2 - (16 - 15)?
-3
Calculate 1 + -1 + (6 - 11) + 0.
-5
1 + (-2 - -6 - 8)
-3
What is the value of 3 - (-3 + (1 - -6))?
-1
(6 - 12) + (5 - -2)
1
Evaluate -11 + 6 + 3 + 0.
-2
(5 - 9) + (2 - 1 - -2)
-1
What is the value of -1 + (4 - 2) + 1?
2
Calculate 13 + -5 + -9 + -1.
-2
What is -1 + 1 - (-19 + 16)?
3
What is the value of -3